
Let p = 3 + -9. Let t(s) = -3*s - 3. What is the tens digit of t(p)?
1
Suppose 6*z - 122 = 76. What is the units digit of z?
3
What is the tens digit of (-180)/210 - 4674/(-14)?
3
Suppose 0 = h - 52 - 10. What is the tens digit of h?
6
Suppose -5*f - 4*n = 44 + 70, 96 = -4*f - 2*n. What is the units digit of 6/(-10) + f/(-10)?
2
Suppose f - 495 = -8*f. What is the units digit of f?
5
Suppose 0*j + 3*j = 12. Suppose -j*k - 16 = -72. What is the tens digit of k?
1
Let i = 62 - 33. What is the tens digit of i?
2
Suppose 17 = k - 5*t, 0*k = 5*k - 3*t + 25. Let s be (k/6)/((-4)/(-36)). Let m = s + 22. What is the tens digit of m?
1
Suppose 2*i + 0 = 4. Suppose -124 = -4*q - 5*l, -q + 6 = -i*l - 12. What is the tens digit of q?
2
Let i be 32/6 - 2/(-3). Suppose i = 4*h - 2*x, h + 2 = 3*x - 6*x. What is the units digit of h?
1
Suppose 3*k - x - 24 = 0, 0*k = -5*k + x + 38. Suppose f - k*f + 210 = 0. What is the units digit of f?
5
Let t = 31 + 11. What is the tens digit of t?
4
Suppose -9*n - 4 = -11*n. What is the units digit of 14*(n - (-2)/4)?
5
Suppose -19 = -t + 17. Suppose z - t = -z. What is the units digit of z?
8
Let x = 26 - 16. Suppose -4*v - v = -4*g - 12, 5*g = x. Suppose 5*w - v - 1 = 0. What is the units digit of w?
1
Suppose 4*a = a + 96. What is the tens digit of a?
3
Suppose 5*m = -p + 42, -5*m = -3 - 12. Let s be 2/4 - 3/(-2). Suppose p = s*j - 1. What is the tens digit of j?
1
Suppose -5*i + i = -2*f + 2, -19 = -2*i - 3*f. What is the units digit of (-3 + -3)/(-1) + i?
8
Suppose 3*m = 5*m - 56. Suppose -2*q - 3*y + m = 4, 0 = -5*y - 10. Suppose 4*a - 3*d = -4, -a = -4*d - 1 + q. What is the units digit of a?
2
Let o = 189 - 120. What is the tens digit of o?
6
Suppose s - 5 - 1 = 0. Let x be (18/6)/(1/s). Suppose 5*h = 58 - x. What is the units digit of h?
8
Let j be -1 + 2/3*-3. What is the units digit of 12/(-9)*j/2?
2
Let g(m) = -4*m**3 + 4*m**2 + 6*m - 3. What is the units digit of g(-3)?
3
Let q(j) = -43*j - 1. Let g be q(-1). Suppose 0 = -5*h + g - 12. What is the units digit of h?
6
Let w = -291 - -454. What is the hundreds digit of w?
1
Suppose 2*w = -n + 6 + 215, 0 = -3*w + 5*n + 312. What is the hundreds digit of w?
1
Let m = -5 + 7. What is the tens digit of 24 + 6*(-1)/m?
2
Suppose -3*l - 12 = -7*l. Suppose -l*m + a + 5 = -5, 4*m + 3*a = 9. Suppose w + m*t = 6*t - 13, 0 = 5*w - 3*t + 5. What is the units digit of w?
2
Let x be 9 - (2 + -1 - 0). Let d(r) = -r**2 + 1. Let h be d(1). Suppose h*m = -m + x. What is the units digit of m?
8
Let z(s) be the third derivative of s**5/12 - s**3/6 + s**2. What is the units digit of z(-1)?
4
Let v(b) be the second derivative of b + b**2 + 0 - 1/3*b**3. What is the units digit of v(-3)?
8
Suppose 0 = 2*r + 3*r. Let z = -1 + r. What is the units digit of (-8)/4 + (-9)/z?
7
Let w = -9 + 12. Suppose -2*q = -i - 18, 0*i - 6 = -w*i. What is the units digit of q?
0
What is the tens digit of ((-5)/(-4))/(3/72)?
3
Let h be 6/9*(-9)/(-2). Suppose 0 = -2*c + 2*d + 18, 4*c + 0*c - h*d = 37. What is the tens digit of c?
1
Suppose -x = 2*b + 68, 5*b = -2*x - x - 207. Let j = -49 - x. What is the tens digit of j?
2
What is the tens digit of ((-11)/3 + 4)*3 - -38?
3
Let t(r) = r**2 + 7*r + 5. Suppose 3*i - i - 3*k + 5 = 0, 0 = 3*i - 3*k + 12. What is the units digit of t(i)?
5
Let z = 16 - 12. Suppose -c - 22 + 6 = -5*w, -40 = -5*c - 5*w. Let f = z + c. What is the units digit of f?
8
Suppose -r - 5*k + 102 = 0, 361 = 4*r - r + 4*k. What is the hundreds digit of r?
1
What is the tens digit of (20 + 0)/(1 + (-1)/2)?
4
Let n be 0*(2 + 10/(-4)). Let j(z) be the first derivative of -z**4/4 + z**3/3 + z**2/2 + 9*z + 6. What is the units digit of j(n)?
9
Let o(q) = 13*q**3 - 1. Suppose -2*t = -3*h + 4, 3*t - 8*t + 13 = 4*h. What is the units digit of o(t)?
2
Suppose 0 = -0*t + 3*t - 24. Suppose 4*u = 2*u + t. Suppose -11 = 5*y - u*h, y + 3*h - 9 - 4 = 0. What is the units digit of y?
1
Let h = 1 + -3. Let g be 8/2 + 0 + h. Let f = 1 + g. What is the units digit of f?
3
Let p = -1 + 9. What is the units digit of (p/12)/((-6)/(-45))?
5
Let k(f) = 3*f**2 - f - 4. Let a be k(-4). What is the units digit of ((-1)/2)/((-6)/a)?
4
Suppose -3*i + 8 = -2*i + x, 5*i = -x + 48. Let f(o) = -o**2 + 12*o + 13. Let s be f(i). Suppose 0*c + s = 3*c. What is the tens digit of c?
1
Suppose -2*u - 5*g = -0*g - 17, -10 = 2*g. What is the tens digit of u?
2
Suppose 43 = -4*q + 327. Let w = q - 14. Suppose -3*c - 28 = -4*s - c, -w = -5*s - 3*c. What is the units digit of s?
9
Suppose -2*a + 2*p + 16 = 0, 5*p + 12 + 0 = a. Suppose 5*w - 4*y - 12 = 0, 4*w - a = 5*y - 1. What is the units digit of w?
4
Let t be (-1)/(32/34 - 1). Let p = 0 + t. Suppose x - p = -4. What is the units digit of x?
3
Let x(v) be the second derivative of 5*v**3/6 - v**2 + 4*v. What is the tens digit of x(4)?
1
Let x be -31 + (0 - 3) + 4. Let s = 43 + x. What is the tens digit of s?
1
Let f(x) = 82*x - 9. What is the hundreds digit of f(2)?
1
Let l(d) = 39*d - 24. What is the units digit of l(4)?
2
Let r(f) = 2 + 8 + f - 1. Suppose -v - 7 + 1 = 0. What is the units digit of r(v)?
3
Let w be ((-24)/20)/((-2)/5). What is the units digit of w/(-6)*-10 + -4?
1
Suppose -y - 4*j + 7 = -4*y, -5*y = -2*j - 7. What is the units digit of (y/3 - -1) + 7?
9
Let c(h) = h - 1. Let g(j) = 2*j**2 - 2*j + 7. Let s(w) = -5*c(w) - g(w). Let v be s(-2). What is the units digit of (-2 - 0)*2/v?
1
Let f(u) = u**3 - 8*u**2 - 3. Let k be f(8). Let w = 1 - k. Suppose w*l - 2*l - 16 = 0. What is the units digit of l?
8
Suppose -2*u + 3*u = 13. Let k = 1 + u. What is the units digit of k?
4
What is the units digit of (-1)/1 - (-32 + -3)?
4
Let g(d) be the third derivative of d**4/24 + 7*d**3/6 - d**2. What is the units digit of g(0)?
7
Suppose 0 = 4*u - o - 589, 4*u - 604 = -o - 3*o. What is the tens digit of u?
4
Let j = -7 + -27. Let k = -49 + j. What is the units digit of 8/20 - k/5?
7
Let o = 0 - 1. What is the units digit of 8/((-4)/o - 2)?
4
Let n be 2/(-5) - (-6)/(-10). Let a(l) = 11*l**2 + 1. What is the tens digit of a(n)?
1
Let y be -29 + (-5)/20*-4. Suppose -4*z - w - 157 = -0*w, z + 52 = 4*w. Let x = y - z. What is the tens digit of x?
1
Let x(p) be the first derivative of -p**2/2 - 4*p - 2. Let t be x(-8). Suppose 4 = -t*o, 4*n + 5*o + 1 = 4. What is the units digit of n?
2
Let h(j) = j**3 + 8*j**2 + 3*j + 7. Let d be h(-7). Let s = -20 + d. What is the tens digit of s?
1
Suppose w - 22 - 21 = 0. What is the units digit of w?
3
Suppose 2*j + 5*j = 105. Suppose -12 = -2*t - 2*c, -5*t + c + 0*c + 18 = 0. Let v = j + t. What is the units digit of v?
9
Suppose -2*d = 4*z - 16, 4*d + 0*z + 5*z - 20 = 0. Suppose -7*v + 9*v - 90 = d. What is the units digit of 1/(6/v)*2?
5
Let w = -4 - -7. Suppose -61 = -w*j - 16. What is the tens digit of j?
1
Let p(s) = s**2 + 3*s - 11. What is the tens digit of p(-9)?
4
Let h be (-6)/9 - (-2)/3. Suppose -3*y = 4*m - 75, 2*m + y + 2*y - 45 = h. What is the tens digit of m?
1
What is the tens digit of (-3)/(1 - 12*4/42)?
2
Suppose 5*a + 4 = 2*b + 123, -3*b + 84 = 3*a. Let d = 29 - a. What is the units digit of d?
4
Suppose 0 = -3*d - 12, -160 = -2*v + d - 5*d. What is the units digit of v?
8
Let m(i) = -i**2 + 15*i + 9. Let o(q) = q. Let x(f) = m(f) - 6*o(f). What is the units digit of x(8)?
7
Let p(j) = -j**2 - 12*j + 12. What is the units digit of p(-9)?
9
Let u be -1 + 6*(-27)/(-2). Let s be u/25*(-50)/(-4). Suppose -6*w + s = -2*w. What is the units digit of w?
0
Let g(l) = -l**3 - 8*l**2 - 7*l + 1. Let m be (1 - -1)*(-14)/4. Let a be g(m). Let s = 2 - a. What is the units digit of s?
1
Suppose -4*x + 84 = 4*m, -4*m - 5*x + 7 = -78. Suppose 14 = -s + 2*s. Let g = m - s. What is the units digit of g?
6
Let q = -21 + 35. Let g = 77 + -55. Let m = g - q. What is the units digit of m?
8
Let j(l) = -l - 1. Let c be j(-1). Let r be (c - 2/4)*-2. What is the units digit of -1 - -6*1*r?
5
Let f = 7 - 0. Let m = f + -3. What is the units digit of m?
4
Let y(f) = 21*f**2. Let q be y(-1). What is the tens digit of 2 + 1 + q + 3?
2
Let f = -2 - -1. What is the units digit of (-2 - f/2)*-4?
6
Let w = -42 + 78. What is the tens digit of w?
3
Let r(z) = -11*z. Let g(i) = -i - 1. Let k(p) = g(p) + r(p). What is the units digit of k(-4)?
7
Let w(n